(5).
3, 5
Let q = 333 + -175. What are the prime factors of q?
2, 79
Let s be 28/1 + -4 + 0. Let v = s - 10. What are the prime factors of v?
2, 7
Suppose 0 = -2*b - 2 + 8. Suppose 0 = 3*x + 3*r - 6, b*r + r + 16 = 0. List the prime factors of x.
2, 3
Let d = -20 + 16. What are the prime factors of (-12)/(1*d) - -1?
2
Let y(x) be the third derivative of x**6/120 + x**4/24 + 47*x**3/6 + x**2. Let k be y(0). Let f = k + -31. List the prime factors of f.
2
Let l be -1*(-3)/(-3) - -4. Let s be 3/((-2)/68*l). What are the prime factors of s*(-1 - (-3)/6)?
17
Let t be -5*-2*1/5. Let x = 4 + -4. Suppose -2*u + n = -x - 1, -3*u = -t*n. What are the prime factors of u?
2
Let b = 19 + 143. What are the prime factors of b?
2, 3
Let r be (10/25)/((-2)/(-10)). Suppose -r*i = 3*x + 7 - 56, 0 = -i - 3*x + 32. What are the prime factors of i?
17
Suppose 3*r + 6 = 4*r. Let z = r - 4. Suppose 4*q = 18 - z. What are the prime factors of q?
2
Let y(u) be the first derivative of -3*u**2 - 3 - 1/3*u**3 - 3*u. List the prime factors of y(-4).
5
Let w = 34 + -8. List the prime factors of w.
2, 13
Let f = 33 - 21. What are the prime factors of f?
2, 3
Let j = 77 - 25. What are the prime factors of j?
2, 13
Let y = -6 + 34. List the prime factors of y.
2, 7
What are the prime factors of 2312/56 + (-4)/14?
41
Let g(w) = 7*w**2 + 2 + 4 + 2 + 2*w**3 - w**3 + 7*w. What are the prime factors of g(-6)?
2
Suppose 4*a - 65 = -21. Suppose -5*y + a = -74. List the prime factors of y.
17
Let n(o) = o**2 - 7*o + 2. Let a be n(7). Suppose -i + 45 = -u, 0*u + 1 = -u. Suppose m + 5*l - 33 + a = 0, -i = -4*m - 4*l. What are the prime factors of m?
2, 3
Let h(s) = -s + 8. Let r be h(9). Let t be r + 2 + 68/4. Suppose 4*g = 2*g + t. What are the prime factors of g?
3
Let q(v) = -v**3 - 2*v**2 - v + 84. List the prime factors of q(0).
2, 3, 7
Let d be 9/7 + (-2)/7. Let w be (-2 + -1 + 0)*d. Let o(z) = -3*z + 4. What are the prime factors of o(w)?
13
List the prime factors of 2*4/(-8) - -22.
3, 7
Let q be (-2)/3*(28 - 1). Let a = q - -30. Let c = -6 + a. What are the prime factors of c?
2, 3
Suppose 3*a - 29 = 2*a. List the prime factors of a.
29
Suppose y + 9 = 4*y. Suppose 6 = -y*n + 3*h, -3*n + 4*h = -2 + 7. List the prime factors of n/(-18) - (-130)/12.
11
Let s(i) = i**3 + 11*i**2 - 17*i + 9. Let h(f) = 5*f**2 - 8*f + 4. Let j(o) = 13*h(o) - 6*s(o). What are the prime factors of j(-1)?
5
Suppose -2*w - 48 = -64. What are the prime factors of w?
2
Let z(w) = 3*w + w**2 - 2*w + 4 - 3 - 3. List the prime factors of z(3).
2, 5
Suppose -2*k + 178 + 574 = 0. What are the prime factors of k?
2, 47
Let w(d) = -11*d - 6. Let j be w(-5). Let m = j + -29. What are the prime factors of m?
2, 5
Let d(o) = 13*o**3 - o**2 - 6*o + 8. List the prime factors of d(2).
2, 3
Suppose 3*n - 4 = 2. Let l be -1 + 2 + -2 + n. What are the prime factors of (-3)/((-3)/6 - l)?
2
Let z(m) = -m**3 - 28*m**2 - 60*m - 12. List the prime factors of z(-26).
2, 7
Let j(i) be the first derivative of i**2/2 + 20*i - 2. List the prime factors of j(0).
2, 5
Let p = 10 + 3. List the prime factors of p.
13
Suppose 2*p - 2*b = -6*b - 2, -3*b = -3*p + 6. Let u(s) = -s + 0*s + p + 2 - 2*s. What are the prime factors of u(-4)?
3, 5
Let h = -7 - -7. Suppose 3*o + 9 - 36 = h. List the prime factors of o.
3
Suppose -5*r + 4*r + 19 = 0. Suppose 3*u - 4*o = -16, -3*u = -5*u + 4*o - 4. Let s = u + r. What are the prime factors of s?
7
Let o be 0 + (1 + 2 - 2). Let n(b) = -b**3 + 4*b**2 - 3*b + 1. Let d be n(2). Suppose 2*q = d*q + 4*j + o, j = -4*q + 26. List the prime factors of q.
7
Suppose -2*d + 2*q = 6, 8*d - 4*d + 5*q = -21. What are the prime factors of 6*d*(-2)/16?
3
Let a = -146 + 246. What are the prime factors of a?
2, 5
Suppose -3*j = 30 + 18. Let i = j + 30. What are the prime factors of i*2/8*2?
7
Let i(l) = -3*l - 2. Let r be i(6). Let b = -10 - r. What are the prime factors of b?
2, 5
Suppose -6 = -2*z - z. Let p be ((-1)/z)/((-2)/48). List the prime factors of (-1)/3 + 28/p.
2
Let t(f) = -5*f**3 - 2*f**2 - f. Let k be t(-1). Suppose -k*u + 133 = -3. What are the prime factors of u?
2, 17
Let j(o) = -6*o + 2*o - 3 + 5 + 12*o**2 + 2*o. Let a be j(2). Suppose -a = -4*h - 3*d, 2*h - 4*h + 4*d = -34. List the prime factors of h.
13
Suppose -v - m - 3 = -2*v, 4*m + 14 = 5*v. List the prime factors of 55/v*(-16)/(-10).
2, 11
Suppose 97 = -2*a + 323. What are the prime factors of a?
113
Let k(q) = 3*q**3 - 5*q**2 + 4*q + 5. Let l(d) = 10*d**3 - 14*d**2 + 12*d + 16. Let i(o) = -7*k(o) + 2*l(o). What are the prime factors of i(5)?
3
Let r(t) = 4*t**2 + 8*t - 1. List the prime factors of r(-5).
59
Let u(x) = x**3 + 10*x**2 + 6*x + 4. Let a(k) = -k - 2. Let d be a(7). What are the prime factors of u(d)?
31
Suppose -g + 25 = 3*y, -2*g + y + 54 = 3*y. Let k be 7/g + 115/4. Let v = -21 + k. List the prime factors of v.
2
Suppose -o = -2*w + 470, 5*w + 199 - 1356 = -2*o. What are the prime factors of w?
233
Let g(z) = 3. Let w(y) = y**2 + y - 1. Let t(r) = g(r) - w(r). Let s be t(-3). List the prime factors of (4/(-5))/(s/20).
2
Let v(r) = r**2 - 3*r + 3. What are the prime factors of v(8)?
43
Let m = 6 - 2. Suppose 4*q - 26 = -3*g + g, m*q = -g + 21. List the prime factors of q.
2
Let c(n) = 13*n + 1. Let j be c(1). Let w be -1*5/(10/(-6)). Let l = j - w. List the prime factors of l.
11
Suppose 4*k - 22 = -h - 0*h, 5*k - 32 = -2*h. Suppose -o + 6*x = 3*x - 3, x = 2*o - h. Suppose -5*z = -2*b + 20, 0 = o*z - 0*z. What are the prime factors of b?
2, 5
Let r(v) = -2*v**2 + 1. Let o be r(-2). What are the prime factors of (o/(-4))/(1/4)?
7
Let q = 6 + -3. Suppose i - 3 = -4. What are the prime factors of (2/(-6) - i)*q?
2
Let q(r) = -r**3 - 18*r**2 - 4*r + 4. List the prime factors of q(-18).
2, 19
List the prime factors of 2*1/(-2)*-23.
23
Let g(p) = -7*p**3 - 4*p**2 - 6*p - 3. List the prime factors of g(-2).
7
What are the prime factors of 233 + 0 + (-60)/(-15)?
3, 79
Let a(i) = -i. Let h(y) = -3*y + 6. Let w(o) = -2*a(o) + h(o). Let r be w(-5). Suppose -2 + 4 = 2*t + 3*q, 0 = t - q - r. What are the prime factors of t?
7
Suppose l - 2 - 2 = 0. Suppose 11 = 5*n - l*j, 0*j - j - 11 = -4*n. Suppose 4*o - 35 = -n. What are the prime factors of o?
2
Let c(v) = 17*v - 1. What are the prime factors of c(1)?
2
Let u(d) = -17*d + 3. List the prime factors of u(-2).
37
Let w(n) = n + 7. Suppose 5 = -5*g - j + 2, -g - j = 3. List the prime factors of w(g).
7
Let f = -199 + 288. List the prime factors of f.
89
Let h(q) = q**3 - 10*q**2 + q - 3. Let f(a) = 11*a**3 - 3*a + 2. Let n be f(1). List the prime factors of h(n).
7
Let w(o) = -o**3 + 4*o**2 + 1. Let r(q) = -3*q + 8. Let t be r(6). Let n be 6/t - 72/(-20). List the prime factors of w(n).
2, 5
Let o(a) = -a**3 - a**2 + 3*a - 1. Let p be o(2). Let g = 3 - p. What are the prime factors of (12/(-5))/((-3)/g)?
2
Let i(p) = -13*p**3 + p**2 - p + 2. List the prime factors of i(-2).
2, 7
Let n be 1/5 + (-9)/(-5). Suppose -2*d - 2*z = n*z - 64, -5*z = 20. Suppose -4*h = h - d. What are the prime factors of h?
2
Suppose 0 = -2*f + 114 + 26. What are the prime factors of f?
2, 5, 7
Let i(m) = m**3 - 3*m**2 + 3*m + 2. List the prime factors of i(4).
2, 3, 5
Let m(z) = 26*z + 16. Let x(n) = 5*n + 3. Let a(s) = -2*m(s) + 11*x(s). List the prime factors of a(5).
2
Suppose -11*o = 10*o - 7497. What are the prime factors of o?
3, 7, 17
Let t(f) = -3*f - 4*f - 6*f**2 - 2 - f - f**3 - 2*f**2. List the prime factors of t(-7).
5
Let h(y) be the first derivative of -y**4/4 - y**3 - y**2 + 4*y + 3. What are the prime factors of h(-3)?
2, 5
Let o(i) = -i**2 + 9*i + 8. Let z be (-6)/(-9)*(11 + 1). Let y(l) = l. Let m be y(z). List the prime factors of o(m).
2
Suppose 3*t + z = 239 - 84, -4*t + 5*z = -175. List the prime factors of t.
2, 5
Let m = 123 + 241. List the prime factors of m.
2, 7, 13
Suppose 5*t + 11 = -2*l + l, -10 = 5*t. Let p = l + 1. Suppose p = 5*g - 2*y - 10, -2*g + 5*y - 6 = -5*g. List the prime factors of g.
2
Let a = -207 + 104. Let z = 146 + a. Suppose -2*h - 3*h + 2*s = -45, -z = -3*h - 2*s. What are the prime factors of h?
11
Suppose n - 6*n + 100 = 0. Suppose -5*q + q + n = 0. Let b(z) = z**3 - 4*z**2 - 3*z - 3. What are the prime factors of b(q)?
7
Let q = -99 - -168. What are the pr